{"id":1006,"date":"2025-11-14T08:02:52","date_gmt":"2025-11-14T08:02:52","guid":{"rendered":"https:\/\/manglocsu.com\/?page_id=1006"},"modified":"2025-12-23T06:37:16","modified_gmt":"2025-12-23T06:37:16","slug":"loc-tong-la-gi","status":"publish","type":"page","link":"https:\/\/manglocsu.com\/index.php\/bai-viet-blog\/loc-tong-la-gi\/","title":{"rendered":"L\u1ecdc T\u1ed5ng L\u00e0 G\u00ec?"},"content":{"rendered":"\t\t<div data-elementor-type=\"wp-page\" data-elementor-id=\"1006\" class=\"elementor elementor-1006\" data-elementor-post-type=\"page\">\n\t\t\t\t\t\t<section class=\"elementor-section elementor-top-section elementor-element elementor-element-810852a elementor-section-boxed elementor-section-height-default elementor-section-height-default\" data-id=\"810852a\" data-element_type=\"section\">\n\t\t\t\t\t\t<div class=\"elementor-container elementor-column-gap-default\">\n\t\t\t\t\t<div class=\"elementor-column elementor-col-100 elementor-top-column elementor-element elementor-element-10deeb9\" data-id=\"10deeb9\" data-element_type=\"column\">\n\t\t\t<div class=\"elementor-widget-wrap elementor-element-populated\">\n\t\t\t\t\t\t<div class=\"elementor-element elementor-element-79e534e elementor-widget elementor-widget-spacer\" data-id=\"79e534e\" data-element_type=\"widget\" data-widget_type=\"spacer.default\">\n\t\t\t\t<div class=\"elementor-widget-container\">\n\t\t\t\t\t\t\t<div class=\"elementor-spacer\">\n\t\t\t<div class=\"elementor-spacer-inner\"><\/div>\n\t\t<\/div>\n\t\t\t\t\t\t<\/div>\n\t\t\t\t<\/div>\n\t\t\t\t<div class=\"elementor-element elementor-element-2afbf50 elementor-widget elementor-widget-text-editor\" data-id=\"2afbf50\" data-element_type=\"widget\" data-widget_type=\"text-editor.default\">\n\t\t\t\t<div class=\"elementor-widget-container\">\n\t\t\t\t\t\t\t\t\t<p>L\u1ecdc n\u01b0\u1edbc t\u1ed5ng l\u00e0 h\u1ec7 th\u1ed1ng x\u1eed l\u00fd to\u00e0n b\u1ed9 ngu\u1ed3n n\u01b0\u1edbc \u0111\u1ea7u v\u00e0o cho c\u1ea3 ng\u00f4i nh\u00e0 \u2013 bao g\u1ed3m n\u01b0\u1edbc d\u00f9ng cho sinh ho\u1ea1t nh\u01b0: t\u1eafm r\u1eeda, gi\u1eb7t gi\u0169, r\u1eeda ch\u00e9n, v\u1ec7 sinh c\u00e1 nh\u00e2n, n\u1ea5u \u0103n v\u00e0 th\u1eadm ch\u00ed c\u1ea3 t\u01b0\u1edbi c\u00e2y.\u00a0<br \/>Kh\u00e1c v\u1edbi c\u00e1c thi\u1ebft b\u1ecb l\u1ecdc n\u01b0\u1edbc t\u1ea1i v\u00f2i hay l\u1ecdc n\u01b0\u1edbc u\u1ed1ng chuy\u00ean d\u1ee5ng, l\u1ecdc n\u01b0\u1edbc t\u1ed5ng ho\u1ea1t \u0111\u1ed9ng \u1edf \u0111\u1ea7u ngu\u1ed3n, gi\u00fap to\u00e0n b\u1ed9 h\u1ec7 th\u1ed1ng \u1ed1ng d\u1eabn n\u01b0\u1edbc v\u00e0 c\u00e1c thi\u1ebft b\u1ecb trong nh\u00e0 lu\u00f4n s\u1eed d\u1ee5ng \u0111\u01b0\u1ee3c n\u01b0\u1edbc \u0111\u00e3 x\u1eed l\u00fd \u2013 s\u1ea1ch h\u01a1n, an to\u00e0n h\u01a1n.<\/p>\t\t\t\t\t\t\t\t<\/div>\n\t\t\t\t<\/div>\n\t\t\t\t<div class=\"elementor-element elementor-element-4f25b13 elementor-widget elementor-widget-spacer\" data-id=\"4f25b13\" data-element_type=\"widget\" data-widget_type=\"spacer.default\">\n\t\t\t\t<div class=\"elementor-widget-container\">\n\t\t\t\t\t\t\t<div class=\"elementor-spacer\">\n\t\t\t<div class=\"elementor-spacer-inner\"><\/div>\n\t\t<\/div>\n\t\t\t\t\t\t<\/div>\n\t\t\t\t<\/div>\n\t\t\t\t\t<\/div>\n\t\t<\/div>\n\t\t\t\t\t<\/div>\n\t\t<\/section>\n\t\t<div class=\"elementor-element elementor-element-71d48de e-flex e-con-boxed e-con e-parent\" data-id=\"71d48de\" data-element_type=\"container\">\n\t\t\t\t\t<div class=\"e-con-inner\">\n\t\t\t\t<div class=\"elementor-element elementor-element-2ee165d elementor-widget elementor-widget-video\" data-id=\"2ee165d\" data-element_type=\"widget\" data-settings=\"{&quot;youtube_url&quot;:&quot;https:\\\/\\\/www.youtube.com\\\/watch?v=LMHbq81mpAI&quot;,&quot;video_type&quot;:&quot;youtube&quot;,&quot;controls&quot;:&quot;yes&quot;}\" data-widget_type=\"video.default\">\n\t\t\t\t<div class=\"elementor-widget-container\">\n\t\t\t\t\t\t\t<div class=\"elementor-wrapper elementor-open-inline\">\n\t\t\t<div class=\"elementor-video\"><\/div>\t\t<\/div>\n\t\t\t\t\t\t<\/div>\n\t\t\t\t<\/div>\n\t\t\t\t<div class=\"elementor-element elementor-element-965fb87 elementor-widget elementor-widget-spacer\" data-id=\"965fb87\" data-element_type=\"widget\" data-widget_type=\"spacer.default\">\n\t\t\t\t<div class=\"elementor-widget-container\">\n\t\t\t\t\t\t\t<div class=\"elementor-spacer\">\n\t\t\t<div class=\"elementor-spacer-inner\"><\/div>\n\t\t<\/div>\n\t\t\t\t\t\t<\/div>\n\t\t\t\t<\/div>\n\t\t\t\t\t<\/div>\n\t\t\t\t<\/div>\n\t\t<div class=\"elementor-element elementor-element-d6924af e-flex e-con-boxed e-con e-parent\" data-id=\"d6924af\" data-element_type=\"container\">\n\t\t\t\t\t<div class=\"e-con-inner\">\n\t\t\t\t<div class=\"elementor-element elementor-element-1b3e7ff elementor--h-position-center elementor--v-position-middle elementor-arrows-position-inside elementor-pagination-position-inside elementor-widget elementor-widget-slides\" data-id=\"1b3e7ff\" data-element_type=\"widget\" data-settings=\"{&quot;navigation&quot;:&quot;both&quot;,&quot;autoplay&quot;:&quot;yes&quot;,&quot;pause_on_hover&quot;:&quot;yes&quot;,&quot;pause_on_interaction&quot;:&quot;yes&quot;,&quot;autoplay_speed&quot;:5000,&quot;infinite&quot;:&quot;yes&quot;,&quot;transition&quot;:&quot;slide&quot;,&quot;transition_speed&quot;:500}\" data-widget_type=\"slides.default\">\n\t\t\t\t<div class=\"elementor-widget-container\">\n\t\t\t\t\t\t\t\t\t<div class=\"elementor-swiper\">\n\t\t\t\t\t<div class=\"elementor-slides-wrapper elementor-main-swiper swiper\" role=\"region\" aria-roledescription=\"carousel\" aria-label=\"Slides\" dir=\"ltr\" data-animation=\"fadeInUp\">\n\t\t\t\t<div class=\"swiper-wrapper elementor-slides\">\n\t\t\t\t\t\t\t\t\t\t<div class=\"elementor-repeater-item-553f3d9 swiper-slide\" role=\"group\" aria-roledescription=\"slide\"><div class=\"swiper-slide-bg\"><\/div><div class=\"swiper-slide-inner\" ><div class=\"swiper-slide-contents\"><div class=\"elementor-slide-heading\"> V\u00ec Sao M\u1ed7i Gia \u0110\u00ecnh N\u00ean L\u1eafp \u0110\u1eb7t B\u1ed9 L\u1ecdc N\u01b0\u1edbc T\u1ed5ng?<\/div><\/div><\/div><\/div>\t\t\t\t<\/div>\n\t\t\t\t\t\t\t<\/div>\n\t\t\t\t<\/div>\n\t\t\t\t\t\t\t\t<\/div>\n\t\t\t\t<\/div>\n\t\t\t\t\t<\/div>\n\t\t\t\t<\/div>\n\t\t<div class=\"elementor-element elementor-element-9d6be2d e-grid e-con-boxed e-con e-parent\" data-id=\"9d6be2d\" data-element_type=\"container\">\n\t\t\t\t\t<div class=\"e-con-inner\">\n\t\t\t\t<div class=\"elementor-element elementor-element-d784544 elementor--v-position-top elementor--h-position-center elementor-arrows-position-inside elementor-pagination-position-inside elementor-widget elementor-widget-slides\" data-id=\"d784544\" data-element_type=\"widget\" data-settings=\"{&quot;navigation&quot;:&quot;both&quot;,&quot;autoplay&quot;:&quot;yes&quot;,&quot;pause_on_hover&quot;:&quot;yes&quot;,&quot;pause_on_interaction&quot;:&quot;yes&quot;,&quot;autoplay_speed&quot;:5000,&quot;infinite&quot;:&quot;yes&quot;,&quot;transition&quot;:&quot;slide&quot;,&quot;transition_speed&quot;:500}\" data-widget_type=\"slides.default\">\n\t\t\t\t<div class=\"elementor-widget-container\">\n\t\t\t\t\t\t\t\t\t<div class=\"elementor-swiper\">\n\t\t\t\t\t<div class=\"elementor-slides-wrapper elementor-main-swiper swiper\" role=\"region\" aria-roledescription=\"carousel\" aria-label=\"Slides\" dir=\"ltr\" data-animation=\"fadeInUp\">\n\t\t\t\t<div class=\"swiper-wrapper elementor-slides\">\n\t\t\t\t\t\t\t\t\t\t<div class=\"elementor-repeater-item-21aa3cb swiper-slide\" role=\"group\" aria-roledescription=\"slide\"><div class=\"swiper-slide-bg\"><\/div><div class=\"swiper-slide-inner\" ><div class=\"swiper-slide-contents\"><div class=\"elementor-slide-heading\">\ud83d\udee1\ufe0f B\u1ea3o v\u1ec7 s\u1ee9c kh\u1ecfe to\u00e0n di\u1ec7n cho gia \u0111\u00ecnh<\/div><div class=\"elementor-slide-description\">\nKh\u00f4ng ch\u1ec9 n\u01b0\u1edbc u\u1ed1ng m\u1edbi \u1ea3nh h\u01b0\u1edfng \u0111\u1ebfn s\u1ee9c kh\u1ecfe. Ngu\u1ed3n n\u01b0\u1edbc sinh ho\u1ea1t ch\u1ee9a vi khu\u1ea9n, c\u1eb7n b\u1ea9n, h\u00f3a ch\u1ea5t\u2026 c\u00f3 th\u1ec3 g\u00e2y k\u00edch \u1ee9ng da, l\u00e0m kh\u00f4 t\u00f3c, v\u00e0 \u1ea3nh h\u01b0\u1edfng ti\u00eau c\u1ef1c \u0111\u1ebfn l\u00e0n da c\u1ee7a tr\u1ebb nh\u1ecf ho\u1eb7c ng\u01b0\u1eddi c\u00f3 c\u01a1 \u0111\u1ecba nh\u1ea1y c\u1ea3m. <br><br>\n\u201cN\u01b0\u1edbc s\u1ea1ch kh\u00f4ng ch\u1ec9 \u0111\u1ec3 u\u1ed1ng \u2013 m\u00e0 l\u00e0 \u0111\u1ec3 s\u1ed1ng kho\u1ebb m\u1ed7i ng\u00e0y.\u201d\n<\/div><\/div><\/div><\/div>\t\t\t\t<\/div>\n\t\t\t\t\t\t\t<\/div>\n\t\t\t\t<\/div>\n\t\t\t\t\t\t\t\t<\/div>\n\t\t\t\t<\/div>\n\t\t\t\t<div class=\"elementor-element elementor-element-593af58 elementor--v-position-top elementor--h-position-center elementor-arrows-position-inside elementor-pagination-position-inside elementor-widget elementor-widget-slides\" data-id=\"593af58\" data-element_type=\"widget\" data-settings=\"{&quot;navigation&quot;:&quot;both&quot;,&quot;autoplay&quot;:&quot;yes&quot;,&quot;pause_on_hover&quot;:&quot;yes&quot;,&quot;pause_on_interaction&quot;:&quot;yes&quot;,&quot;autoplay_speed&quot;:5000,&quot;infinite&quot;:&quot;yes&quot;,&quot;transition&quot;:&quot;slide&quot;,&quot;transition_speed&quot;:500}\" data-widget_type=\"slides.default\">\n\t\t\t\t<div class=\"elementor-widget-container\">\n\t\t\t\t\t\t\t\t\t<div class=\"elementor-swiper\">\n\t\t\t\t\t<div class=\"elementor-slides-wrapper elementor-main-swiper swiper\" role=\"region\" aria-roledescription=\"carousel\" aria-label=\"Slides\" dir=\"ltr\" data-animation=\"fadeInUp\">\n\t\t\t\t<div class=\"swiper-wrapper elementor-slides\">\n\t\t\t\t\t\t\t\t\t\t<div class=\"elementor-repeater-item-21aa3cb swiper-slide\" role=\"group\" aria-roledescription=\"slide\"><div class=\"swiper-slide-bg\"><\/div><div class=\"swiper-slide-inner\" ><div class=\"swiper-slide-contents\"><div class=\"elementor-slide-heading\">\ud83d\udee0\ufe0f B\u1ea3o v\u1ec7 h\u1ec7 th\u1ed1ng \u1ed1ng n\u01b0\u1edbc v\u00e0 thi\u1ebft b\u1ecb gia d\u1ee5ng<\/div><div class=\"elementor-slide-description\">N\u01b0\u1edbc nhi\u1ec5m s\u1eaft, mangan ho\u1eb7c ch\u1ee9a nhi\u1ec1u ch\u1ea5t r\u1eafn l\u01a1 l\u1eedng c\u00f3 th\u1ec3 g\u00e2y:<br>\n\u2022\tR\u1ec9 s\u00e9t, \u1ed1 v\u00e0ng b\u1ed3n r\u1eeda, b\u1ed3n c\u1ea7u, v\u00f2i sen<br>\n\u2022\t\u0110\u00f3ng c\u1eb7n trong m\u00e1y n\u01b0\u1edbc n\u00f3ng, m\u00e1y gi\u1eb7t, g\u00e2y gi\u1ea3m hi\u1ec7u su\u1ea5t<br>\n\u2022\tT\u1eafc ngh\u1ebdn \u1ed1ng d\u1eabn n\u01b0\u1edbc \u2013 \u0111\u1eb7c bi\u1ec7t \u1edf khu v\u1ef1c c\u00f3 ngu\u1ed3n n\u01b0\u1edbc gi\u1ebfng<br><br><\/div><\/div><\/div><\/div>\t\t\t\t<\/div>\n\t\t\t\t\t\t\t<\/div>\n\t\t\t\t<\/div>\n\t\t\t\t\t\t\t\t<\/div>\n\t\t\t\t<\/div>\n\t\t\t\t<div class=\"elementor-element elementor-element-3d7c4e1 elementor--v-position-top elementor--h-position-center elementor-arrows-position-inside elementor-pagination-position-inside elementor-widget elementor-widget-slides\" data-id=\"3d7c4e1\" data-element_type=\"widget\" data-settings=\"{&quot;navigation&quot;:&quot;both&quot;,&quot;autoplay&quot;:&quot;yes&quot;,&quot;pause_on_hover&quot;:&quot;yes&quot;,&quot;pause_on_interaction&quot;:&quot;yes&quot;,&quot;autoplay_speed&quot;:5000,&quot;infinite&quot;:&quot;yes&quot;,&quot;transition&quot;:&quot;slide&quot;,&quot;transition_speed&quot;:500}\" data-widget_type=\"slides.default\">\n\t\t\t\t<div class=\"elementor-widget-container\">\n\t\t\t\t\t\t\t\t\t<div class=\"elementor-swiper\">\n\t\t\t\t\t<div class=\"elementor-slides-wrapper elementor-main-swiper swiper\" role=\"region\" aria-roledescription=\"carousel\" aria-label=\"Slides\" dir=\"ltr\" data-animation=\"fadeInUp\">\n\t\t\t\t<div class=\"swiper-wrapper elementor-slides\">\n\t\t\t\t\t\t\t\t\t\t<div class=\"elementor-repeater-item-21aa3cb swiper-slide\" role=\"group\" aria-roledescription=\"slide\"><div class=\"swiper-slide-bg\"><\/div><div class=\"swiper-slide-inner\" ><div class=\"swiper-slide-contents\"><div class=\"elementor-slide-heading\">\ud83d\udcb8 Ti\u1ebft ki\u1ec7m chi ph\u00ed l\u00e2u d\u00e0i<\/div><div class=\"elementor-slide-description\">\nM\u1ed9t h\u1ec7 th\u1ed1ng l\u1ecdc t\u1ed5ng hi\u1ec7u qu\u1ea3 gi\u00fap:<br>\n\u2022\tGi\u1ea3m chi ph\u00ed s\u1eeda ch\u1eefa thi\u1ebft b\u1ecb<br>\n\u2022\tGi\u1ea3m ti\u00eau hao x\u00e0 ph\u00f2ng, ch\u1ea5t t\u1ea9y trong gi\u1eb7t gi\u0169<br>\n\u2022\tT\u0103ng tu\u1ed5i th\u1ecd h\u1ec7 th\u1ed1ng n\u01b0\u1edbc trong nh\u00e0<\/div><\/div><\/div><\/div>\t\t\t\t<\/div>\n\t\t\t\t\t\t\t<\/div>\n\t\t\t\t<\/div>\n\t\t\t\t\t\t\t\t<\/div>\n\t\t\t\t<\/div>\n\t\t\t\t\t<\/div>\n\t\t\t\t<\/div>\n\t\t<div class=\"elementor-element elementor-element-45f6b21 e-flex e-con-boxed e-con e-parent\" data-id=\"45f6b21\" data-element_type=\"container\">\n\t\t\t\t\t<div class=\"e-con-inner\">\n\t\t\t\t<div class=\"elementor-element elementor-element-fd23ff7 elementor-widget elementor-widget-spacer\" data-id=\"fd23ff7\" data-element_type=\"widget\" data-widget_type=\"spacer.default\">\n\t\t\t\t<div class=\"elementor-widget-container\">\n\t\t\t\t\t\t\t<div class=\"elementor-spacer\">\n\t\t\t<div class=\"elementor-spacer-inner\"><\/div>\n\t\t<\/div>\n\t\t\t\t\t\t<\/div>\n\t\t\t\t<\/div>\n\t\t\t\t\t<\/div>\n\t\t\t\t<\/div>\n\t\t\t\t<\/div>\n\t\t","protected":false},"excerpt":{"rendered":"<p>L\u1ecdc n\u01b0\u1edbc t\u1ed5ng l\u00e0 h\u1ec7 th\u1ed1ng x\u1eed l\u00fd to\u00e0n b\u1ed9 ngu\u1ed3n n\u01b0\u1edbc \u0111\u1ea7u v\u00e0o cho c\u1ea3 ng\u00f4i nh\u00e0 \u2013 bao g\u1ed3m n\u01b0\u1edbc d\u00f9ng cho sinh ho\u1ea1t nh\u01b0: t\u1eafm r\u1eeda, gi\u1eb7t gi\u0169, r\u1eeda ch\u00e9n, v\u1ec7 sinh c\u00e1 nh\u00e2n, n\u1ea5u \u0103n v\u00e0 th\u1eadm ch\u00ed c\u1ea3 t\u01b0\u1edbi c\u00e2y.\u00a0Kh\u00e1c v\u1edbi c\u00e1c thi\u1ebft b\u1ecb l\u1ecdc n\u01b0\u1edbc t\u1ea1i v\u00f2i hay l\u1ecdc [&hellip;]<\/p>\n","protected":false},"author":1,"featured_media":0,"parent":565,"menu_order":0,"comment_status":"closed","ping_status":"closed","template":"","meta":{"footnotes":""},"class_list":["post-1006","page","type-page","status-publish","hentry"],"_links":{"self":[{"href":"https:\/\/manglocsu.com\/index.php\/wp-json\/wp\/v2\/pages\/1006","targetHints":{"allow":["GET"]}}],"collection":[{"href":"https:\/\/manglocsu.com\/index.php\/wp-json\/wp\/v2\/pages"}],"about":[{"href":"https:\/\/manglocsu.com\/index.php\/wp-json\/wp\/v2\/types\/page"}],"author":[{"embeddable":true,"href":"https:\/\/manglocsu.com\/index.php\/wp-json\/wp\/v2\/users\/1"}],"replies":[{"embeddable":true,"href":"https:\/\/manglocsu.com\/index.php\/wp-json\/wp\/v2\/comments?post=1006"}],"version-history":[{"count":58,"href":"https:\/\/manglocsu.com\/index.php\/wp-json\/wp\/v2\/pages\/1006\/revisions"}],"predecessor-version":[{"id":1276,"href":"https:\/\/manglocsu.com\/index.php\/wp-json\/wp\/v2\/pages\/1006\/revisions\/1276"}],"up":[{"embeddable":true,"href":"https:\/\/manglocsu.com\/index.php\/wp-json\/wp\/v2\/pages\/565"}],"wp:attachment":[{"href":"https:\/\/manglocsu.com\/index.php\/wp-json\/wp\/v2\/media?parent=1006"}],"curies":[{"name":"wp","href":"https:\/\/api.w.org\/{rel}","templated":true}]}}