{"id":6,"date":"2023-04-06T06:54:57","date_gmt":"2023-04-06T06:54:57","guid":{"rendered":"https:\/\/manglocsu.com\/?page_id=6"},"modified":"2025-12-29T08:15:43","modified_gmt":"2025-12-29T08:15:43","slug":"homepage","status":"publish","type":"page","link":"https:\/\/manglocsu.com\/","title":{"rendered":"Homepage"},"content":{"rendered":"\t\t<div data-elementor-type=\"wp-post\" data-elementor-id=\"6\" class=\"elementor elementor-6\" data-elementor-post-type=\"page\">\n\t\t\t\t<div class=\"elementor-element elementor-element-40f1522 e-flex e-con-boxed e-con e-parent\" data-id=\"40f1522\" data-element_type=\"container\">\n\t\t\t\t\t<div class=\"e-con-inner\">\n\t\t\t\t<div class=\"elementor-element elementor-element-26f3acb elementor-widget elementor-widget-spacer\" data-id=\"26f3acb\" data-element_type=\"widget\" data-widget_type=\"spacer.default\">\n\t\t\t\t<div class=\"elementor-widget-container\">\n\t\t\t\t\t\t\t<div class=\"elementor-spacer\">\n\t\t\t<div class=\"elementor-spacer-inner\"><\/div>\n\t\t<\/div>\n\t\t\t\t\t\t<\/div>\n\t\t\t\t<\/div>\n\t\t\t\t<div class=\"elementor-element elementor-element-98e501d elementor--h-position-center elementor--v-position-middle elementor-arrows-position-inside elementor-pagination-position-inside elementor-widget elementor-widget-slides\" data-id=\"98e501d\" data-element_type=\"widget\" data-settings=\"{&quot;navigation&quot;:&quot;both&quot;,&quot;autoplay&quot;:&quot;yes&quot;,&quot;pause_on_hover&quot;:&quot;yes&quot;,&quot;pause_on_interaction&quot;:&quot;yes&quot;,&quot;autoplay_speed&quot;:5000,&quot;infinite&quot;:&quot;yes&quot;,&quot;transition&quot;:&quot;slide&quot;,&quot;transition_speed&quot;:500}\" data-widget_type=\"slides.default\">\n\t\t\t\t<div class=\"elementor-widget-container\">\n\t\t\t\t\t\t\t\t\t<div class=\"elementor-swiper\">\n\t\t\t\t\t<div class=\"elementor-slides-wrapper elementor-main-swiper swiper\" role=\"region\" aria-roledescription=\"carousel\" aria-label=\"Slides\" dir=\"ltr\" data-animation=\"fadeInUp\">\n\t\t\t\t<div class=\"swiper-wrapper elementor-slides\">\n\t\t\t\t\t\t\t\t\t\t<div class=\"elementor-repeater-item-c07e62a swiper-slide\" role=\"group\" aria-roledescription=\"slide\"><div class=\"swiper-slide-bg\" role=\"img\" aria-label=\"SiC Plate - Final.18\"><\/div><div class=\"swiper-slide-inner\" ><div class=\"swiper-slide-contents\"><div class=\"elementor-slide-heading\">M\u00c0NG L\u1eccC S\u1ee8<\/div><div class=\"elementor-slide-description\">N\u00e2ng t\u1ea7m hi\u1ec7u su\u1ea5t, t\u1ed1i \u01b0u chi ph\u00ed v\u00e0 ph\u00e1t tri\u1ec3n b\u1ec1n v\u1eefng trong x\u1eed l\u00fd n\u01b0\u1edbc<br> nh\u1edd c\u00f4ng ngh\u1ec7 m\u00e0ng l\u1ecdc SiC ti\u00ean ti\u1ebfn.<\/div><\/div><\/div><\/div><div class=\"elementor-repeater-item-ade54fe swiper-slide\" role=\"group\" aria-roledescription=\"slide\"><div class=\"swiper-slide-bg\" role=\"img\" aria-label=\"Picture1\"><\/div><div class=\"swiper-slide-inner\" ><div class=\"swiper-slide-contents\"><div class=\"elementor-slide-heading\">Silicon Carbide<\/div><div class=\"elementor-slide-description\">M\u00e0ng l\u1ecdc \u0111\u01b0\u1ee3c ph\u00e1t tri\u1ec3n tr\u00ean n\u1ec1n t\u1ea3ng v\u1eadt li\u1ec7u SiC v\u00e0 c\u00f3 th\u1ec3 s\u1eed d\u1ee5ng \u0111\u1ec3 l\u1ecdc nhi\u1ec1u ngu\u1ed3n n\u01b0\u1edbc \u00f4 nhi\u1ec5m kh\u00e1c nhau, \u0111\u1ea1t c\u00e1c ti\u00eau chu\u1ea9n cao nh\u1ea5t.<\/div><\/div><\/div><\/div><div class=\"elementor-repeater-item-c1576b5 swiper-slide\" role=\"group\" aria-roledescription=\"slide\"><div class=\"swiper-slide-bg\" role=\"img\" aria-label=\"Picture2\"><\/div><div class=\"swiper-slide-inner\" ><div class=\"swiper-slide-contents\"><div class=\"elementor-slide-description\">SiC l\u00e0 v\u1eadt li\u1ec7u m\u00e0ng c\u00f3 t\u00ednh \u01b0a n\u01b0\u1edbc t\u1ef1 nhi\u00ean v\u00e0 v\u0129nh vi\u1ec5n, gi\u00fap gi\u1eef l\u1ea1i c\u00e1c ch\u1ea5t r\u1eafn, m\u1ea7m b\u1ec7nh v\u00e0 t\u1ea1p ch\u1ea5t kh\u00e1c tr\u00ean b\u1ec1 m\u1eb7t nh\u1edd c\u1ea5u tr\u00fac l\u1ed7 m\u00e0ng.<\/div><\/div><\/div><\/div><div class=\"elementor-repeater-item-cd5175d swiper-slide\" role=\"group\" aria-roledescription=\"slide\"><div class=\"swiper-slide-bg\" role=\"img\" aria-label=\"Capture d\u2019\u00e9cran, le 2021-11-09 \u00e0 12.11.48\"><\/div><div class=\"swiper-slide-inner\" ><div class=\"swiper-slide-contents\"><div class=\"elementor-slide-heading\">Gi\u1ea3i Ph\u00e1p \u0110\u1ed9t Ph\u00e1<\/div><div class=\"elementor-slide-description\">B\u1eb1ng vi\u1ec7c m\u1edf r\u1ed9ng gi\u1edbi h\u1ea1n v\u1ec1 l\u01b0u l\u01b0\u1ee3ng th\u1ea5m, n\u00e2ng cao \u0111\u1ed9 tin c\u1eady v\u00e0 hi\u1ec7u qu\u1ea3 chi ph\u00ed trong x\u1eed l\u00fd n\u01b0\u1edbc th\u00f4ng qua \u0111\u1ed5i m\u1edbi c\u00f4ng ngh\u1ec7 m\u00e0ng SiC, \u0111\u1ed3ng th\u1eddi b\u1ea3o \u0111\u1ea3m kh\u1ea3 n\u0103ng cung \u1ee9ng v\u1edbi chi ph\u00ed t\u1ed1i \u01b0u.<\/div><\/div><\/div><\/div>\t\t\t\t<\/div>\n\t\t\t\t\t\t\t\t\t\t\t\t\t\t\t<div class=\"elementor-swiper-button elementor-swiper-button-prev\" role=\"button\" tabindex=\"0\" aria-label=\"Previous slide\">\n\t\t\t\t\t\t\t<i aria-hidden=\"true\" class=\"eicon-chevron-left\"><\/i>\t\t\t\t\t\t<\/div>\n\t\t\t\t\t\t<div class=\"elementor-swiper-button elementor-swiper-button-next\" role=\"button\" tabindex=\"0\" aria-label=\"Next slide\">\n\t\t\t\t\t\t\t<i aria-hidden=\"true\" class=\"eicon-chevron-right\"><\/i>\t\t\t\t\t\t<\/div>\n\t\t\t\t\t\t\t\t\t\t\t\t\t\t\t\t<div class=\"swiper-pagination\"><\/div>\n\t\t\t\t\t\t\t\t\t\t\t\t<\/div>\n\t\t\t\t<\/div>\n\t\t\t\t\t\t\t\t<\/div>\n\t\t\t\t<\/div>\n\t\t\t\t\t<\/div>\n\t\t\t\t<\/div>\n\t\t<div class=\"elementor-element elementor-element-117c7e2 e-flex e-con-boxed e-con e-parent\" data-id=\"117c7e2\" data-element_type=\"container\">\n\t\t\t\t\t<div class=\"e-con-inner\">\n\t\t\t\t<div class=\"elementor-element elementor-element-f38c022 elementor-widget elementor-widget-spacer\" data-id=\"f38c022\" data-element_type=\"widget\" data-widget_type=\"spacer.default\">\n\t\t\t\t<div class=\"elementor-widget-container\">\n\t\t\t\t\t\t\t<div class=\"elementor-spacer\">\n\t\t\t<div class=\"elementor-spacer-inner\"><\/div>\n\t\t<\/div>\n\t\t\t\t\t\t<\/div>\n\t\t\t\t<\/div>\n\t\t\t\t\t<\/div>\n\t\t\t\t<\/div>\n\t\t<div class=\"elementor-element elementor-element-bbecfcb e-flex e-con-boxed e-con e-parent\" data-id=\"bbecfcb\" data-element_type=\"container\" data-settings=\"{&quot;background_background&quot;:&quot;classic&quot;,&quot;shape_divider_top&quot;:&quot;waves&quot;}\">\n\t\t\t\t\t<div class=\"e-con-inner\">\n\t\t\t\t<div class=\"elementor-shape elementor-shape-top\" aria-hidden=\"true\" data-negative=\"false\">\n\t\t\t<svg xmlns=\"http:\/\/www.w3.org\/2000\/svg\" viewBox=\"0 0 1000 100\" preserveAspectRatio=\"none\">\n\t<path class=\"elementor-shape-fill\" d=\"M421.9,6.5c22.6-2.5,51.5,0.4,75.5,5.3c23.6,4.9,70.9,23.5,100.5,35.7c75.8,32.2,133.7,44.5,192.6,49.7\n\tc23.6,2.1,48.7,3.5,103.4-2.5c54.7-6,106.2-25.6,106.2-25.6V0H0v30.3c0,0,72,32.6,158.4,30.5c39.2-0.7,92.8-6.7,134-22.4\n\tc21.2-8.1,52.2-18.2,79.7-24.2C399.3,7.9,411.6,7.5,421.9,6.5z\"\/>\n<\/svg>\t\t<\/div>\n\t\t<div class=\"elementor-element elementor-element-f819389 e-con-full e-flex e-con e-child\" data-id=\"f819389\" data-element_type=\"container\">\n\t\t\t\t<div class=\"elementor-element elementor-element-d54d079 elementor-widget elementor-widget-text-editor\" data-id=\"d54d079\" data-element_type=\"widget\" data-widget_type=\"text-editor.default\">\n\t\t\t\t<div class=\"elementor-widget-container\">\n\t\t\t\t\t\t\t\t\t<p>V\u00cc SAO N\u01af\u1edaC S\u1ea0CH NH\u01afNG KH\u00d4NG S\u1ea0CH<\/p>\t\t\t\t\t\t\t\t<\/div>\n\t\t\t\t<\/div>\n\t\t\t\t<\/div>\n\t\t<div class=\"elementor-element elementor-element-091f5ec e-con-full e-flex e-con e-child\" data-id=\"091f5ec\" data-element_type=\"container\">\n\t\t\t\t<div class=\"elementor-element elementor-element-4111933 elementor-widget elementor-widget-text-editor\" data-id=\"4111933\" data-element_type=\"widget\" data-widget_type=\"text-editor.default\">\n\t\t\t\t<div class=\"elementor-widget-container\">\n\t\t\t\t\t\t\t\t\t<p>\u00a0<\/p><p><span style=\"font-family: -apple-system, BlinkMacSystemFont, 'Segoe UI', Roboto, 'Helvetica Neue', Arial, 'Noto Sans', sans-serif, 'Apple Color Emoji', 'Segoe UI Emoji', 'Segoe UI Symbol', 'Noto Color Emoji';\">Cho d\u00f9 b\u1ea1n s\u1eed d\u1ee5ng lo\u1ea1i \u1ed1ng n\u01b0\u1edbc c\u00f3 t\u1ed1t \u0111\u1ebfn \u0111\u00e2u, th\u00ec vi\u1ec7c ch\u1ea5t b\u1ea9n b\u00e1m trong \u0111\u01b0\u1eddng \u1ed1ng l\u00e0 \u0111i\u1ec1u kh\u00f4ng tr\u00e1nh kh\u1ecfi v\u00e0 kh\u00f3 nh\u1eadn th\u1ea5y b\u1eb1ng m\u1eaft th\u01b0\u1eddng. \u0110\u01b0\u1eddng \u1ed1ng n\u01b0\u1edbc c\u1ea5p b\u1ecb c\u1eb7n b\u00e1m l\u00e0 do n\u01b0\u1edbc t\u00f9 \u0111\u1ecdng, \u0111\u01b0\u1eddng \u1ed1ng g\u1ec9 s\u00e9t, c\u00e1t v\u00e0 r\u00eau. M\u1eb7c d\u00f9 n\u01b0\u1edbc t\u1eeb nh\u00e0 m\u00e1y x\u1eed l\u00fd n\u01b0\u1edbc s\u1ea1ch \u0111\u1ea1t chu\u1ea9n, nh\u01b0ng t\u1eeb nh\u1eefng \u0111\u01b0\u1eddng \u1ed1ng c\u0169, b\u1ea9n v\u00e0 r\u1ec9 s\u00e9t mang n\u01b0\u1edbc \u0111\u1ebfn nh\u00e0 ch\u00fang ta b\u1ecb \u1ea3nh h\u01b0\u1edfng \u0111\u1ebfn \u0111\u1ed9 s\u1ea1ch, m\u00e0u v\u00e0 m\u00f9i v\u1ecb. Do \u0111\u00f3, n\u01b0\u1edbc t\u1eeb v\u00f2i c\u00f3 th\u1ec3 tr\u00f4ng r\u1ea5t s\u1ea1ch, nh\u01b0ng th\u1ef1c ra kh\u00f4ng s\u1ea1ch.<\/span><\/p>\t\t\t\t\t\t\t\t<\/div>\n\t\t\t\t<\/div>\n\t\t\t\t<\/div>\n\t\t\t\t<div class=\"elementor-element elementor-element-51022db elementor-widget elementor-widget-spacer\" data-id=\"51022db\" data-element_type=\"widget\" data-widget_type=\"spacer.default\">\n\t\t\t\t<div class=\"elementor-widget-container\">\n\t\t\t\t\t\t\t<div class=\"elementor-spacer\">\n\t\t\t<div class=\"elementor-spacer-inner\"><\/div>\n\t\t<\/div>\n\t\t\t\t\t\t<\/div>\n\t\t\t\t<\/div>\n\t\t\t\t\t<\/div>\n\t\t\t\t<\/div>\n\t\t<div class=\"elementor-element elementor-element-b4c93f4 e-flex e-con-boxed e-con e-parent\" data-id=\"b4c93f4\" data-element_type=\"container\" data-settings=\"{&quot;background_background&quot;:&quot;classic&quot;}\">\n\t\t\t\t\t<div class=\"e-con-inner\">\n\t\t\t\t<div class=\"elementor-element elementor-element-4721aa4 elementor-widget elementor-widget-spacer\" data-id=\"4721aa4\" data-element_type=\"widget\" data-widget_type=\"spacer.default\">\n\t\t\t\t<div class=\"elementor-widget-container\">\n\t\t\t\t\t\t\t<div class=\"elementor-spacer\">\n\t\t\t<div class=\"elementor-spacer-inner\"><\/div>\n\t\t<\/div>\n\t\t\t\t\t\t<\/div>\n\t\t\t\t<\/div>\n\t\t\t\t<div class=\"elementor-element elementor-element-ca5a6c9 elementor-widget elementor-widget-text-editor\" data-id=\"ca5a6c9\" data-element_type=\"widget\" data-widget_type=\"text-editor.default\">\n\t\t\t\t<div class=\"elementor-widget-container\">\n\t\t\t\t\t\t\t\t\t<p>S\u1ea3n ph\u1ea9m l\u1ecdc n\u01b0\u1edbc<\/p><p>Th\u1ebf h\u1ec7 m\u1edbi<\/p>\t\t\t\t\t\t\t\t<\/div>\n\t\t\t\t<\/div>\n\t\t\t\t<div class=\"elementor-element elementor-element-202c866 elementor-widget elementor-widget-spacer\" data-id=\"202c866\" data-element_type=\"widget\" data-widget_type=\"spacer.default\">\n\t\t\t\t<div class=\"elementor-widget-container\">\n\t\t\t\t\t\t\t<div class=\"elementor-spacer\">\n\t\t\t<div class=\"elementor-spacer-inner\"><\/div>\n\t\t<\/div>\n\t\t\t\t\t\t<\/div>\n\t\t\t\t<\/div>\n\t\t\t\t\t<\/div>\n\t\t\t\t<\/div>\n\t\t<div class=\"elementor-element elementor-element-bd9543f e-flex e-con-boxed e-con e-parent\" data-id=\"bd9543f\" data-element_type=\"container\" data-settings=\"{&quot;background_background&quot;:&quot;classic&quot;}\">\n\t\t\t\t\t<div class=\"e-con-inner\">\n\t\t<div class=\"elementor-element elementor-element-ea932ce e-con-full e-flex e-con e-child\" data-id=\"ea932ce\" data-element_type=\"container\">\n\t\t\t\t<div class=\"elementor-element elementor-element-845ad72 elementor-widget elementor-widget-image\" data-id=\"845ad72\" data-element_type=\"widget\" data-widget_type=\"image.default\">\n\t\t\t\t<div class=\"elementor-widget-container\">\n\t\t\t\t\t\t\t\t\t\t\t\t\t\t\t<img fetchpriority=\"high\" decoding=\"async\" width=\"724\" height=\"1024\" src=\"https:\/\/manglocsu.com\/wp-content\/uploads\/2025\/12\/Yellow-Bold-Minimalist-Drama-Movie-Poster-724x1024.png\" class=\"attachment-large size-large wp-image-1251\" alt=\"\" srcset=\"https:\/\/manglocsu.com\/wp-content\/uploads\/2025\/12\/Yellow-Bold-Minimalist-Drama-Movie-Poster-724x1024.png 724w, https:\/\/manglocsu.com\/wp-content\/uploads\/2025\/12\/Yellow-Bold-Minimalist-Drama-Movie-Poster-212x300.png 212w, https:\/\/manglocsu.com\/wp-content\/uploads\/2025\/12\/Yellow-Bold-Minimalist-Drama-Movie-Poster-768x1086.png 768w, https:\/\/manglocsu.com\/wp-content\/uploads\/2025\/12\/Yellow-Bold-Minimalist-Drama-Movie-Poster-1086x1536.png 1086w, https:\/\/manglocsu.com\/wp-content\/uploads\/2025\/12\/Yellow-Bold-Minimalist-Drama-Movie-Poster-1448x2048.png 1448w, https:\/\/manglocsu.com\/wp-content\/uploads\/2025\/12\/Yellow-Bold-Minimalist-Drama-Movie-Poster-600x849.png 600w, https:\/\/manglocsu.com\/wp-content\/uploads\/2025\/12\/Yellow-Bold-Minimalist-Drama-Movie-Poster.png 1587w\" sizes=\"(max-width: 724px) 100vw, 724px\" \/>\t\t\t\t\t\t\t\t\t\t\t\t\t\t\t<\/div>\n\t\t\t\t<\/div>\n\t\t\t\t<\/div>\n\t\t<div class=\"elementor-element elementor-element-6fbe662 e-con-full e-flex e-con e-child\" data-id=\"6fbe662\" data-element_type=\"container\">\n\t\t\t\t<div class=\"elementor-element elementor-element-addfb5c elementor-widget elementor-widget-text-editor\" data-id=\"addfb5c\" data-element_type=\"widget\" data-widget_type=\"text-editor.default\">\n\t\t\t\t<div class=\"elementor-widget-container\">\n\t\t\t\t\t\t\t\t\t<p>M\u00e0ng L\u1ecdc S\u1ee9 l\u00e0 c\u00f4ng ty cung c\u1ea5p c\u00e1c gi\u1ea3i ph\u00e1p x\u1eed l\u00fd n\u01b0\u1edbc trong nhi\u1ec1u l\u0129nh v\u1ef1c. V\u1edbi m\u1ee5c ti\u00eau an to\u00e0n v\u00e0 ch\u1ea5t l\u01b0\u1ee3ng, ch\u00fang t\u00f4i t\u1ef1 h\u00e0o l\u00e0 m\u1ed9t trong c\u00e1c c\u00f4ng ty d\u1eabn \u0111\u1ea7u cung c\u1ea5p c\u00e1c c\u00f4ng ngh\u1ec7 x\u1eed l\u00fd n\u01b0\u1edbc cao c\u1ea5p trong d\u00e2n d\u1ee5ng v\u00e0 c\u00f4ng nghi\u1ec7p, \u0111\u1ea1t c\u00e1c ti\u00eau chu\u1ea9n qu\u1ed1c gia v\u00e0 ti\u00eau chu\u1ea9n qu\u1ed1c t\u1ebf. H\u00e3y tham gia c\u00f9ng ch\u00fang t\u00f4i h\u00f4m nay \u0111\u1ec3 g\u00f3p ph\u1ea7n n\u00e2ng cao ch\u1ea5t l\u01b0\u1ee3ng cu\u1ed9c s\u1ed1ng v\u00e0 b\u1ea3o v\u1ec7 s\u1ee9c kh\u1ecfe c\u1ed9ng \u0111\u1ed3ng.<\/p>\t\t\t\t\t\t\t\t<\/div>\n\t\t\t\t<\/div>\n\t\t\t\t<div class=\"elementor-element elementor-element-d64b840 elementor-widget elementor-widget-premium-addon-fancy-text\" data-id=\"d64b840\" data-element_type=\"widget\" data-widget_type=\"premium-addon-fancy-text.default\">\n\t\t\t\t<div class=\"elementor-widget-container\">\n\t\t\t\t\t\t\t<div class=\"premium-fancy-text-wrapper typing  \" data-settings=\"{&quot;effect&quot;:&quot;typing&quot;,&quot;strings&quot;:[&quot;Gi\\u1ea3i Ph\\u00e1p Xanh Cho T\\u01b0\\u01a1ng Lai B\\u1ec1n V\\u1eefng\\u200b&quot;],&quot;typeSpeed&quot;:70,&quot;backSpeed&quot;:70,&quot;startDelay&quot;:&quot;&quot;,&quot;backDelay&quot;:0,&quot;showCursor&quot;:false,&quot;cursorChar&quot;:&quot;&quot;,&quot;loop&quot;:false,&quot;loading&quot;:&quot;&quot;}\">\r\n\t\t\t\r\n\t\t\t\t\t<span id=\"premium-fancy-text-d64b840\" class=\"premium-fancy-text\"><\/span>\r\n\t\t\t\t\t<\/div>\r\n\t\t\t\t\t\t<\/div>\n\t\t\t\t<\/div>\n\t\t\t\t<div class=\"elementor-element elementor-element-5d69b14 elementor-widget elementor-widget-icon-box\" data-id=\"5d69b14\" data-element_type=\"widget\" data-widget_type=\"icon-box.default\">\n\t\t\t\t<div class=\"elementor-widget-container\">\n\t\t\t\t\t\t\t<div class=\"elementor-icon-box-wrapper\">\n\n\t\t\t\n\t\t\t\t\t\t<div class=\"elementor-icon-box-content\">\n\n\t\t\t\t\n\t\t\t\t\t\t\t\t\t<p class=\"elementor-icon-box-description\">\n\t\t\t\t\t\tKH\u00d4NG THAY L\u00d5I L\u1eccC <br> KH\u00d4NG R\u00c1C TH\u1ea2I NH\u1ef0A <br> KH\u00d4NG D\u00d9NG \u0110I\u1ec6N <br> KH\u00d4NG D\u00d9NG H\u00d3A CH\u1ea4T <br> TU\u1ed4I TH\u1ecc M\u00c0NG &gt;20 N\u0102M <br> GI\u1eee L\u1ea0I KHO\u00c1NG CH\u1ea4T\t\t\t\t\t<\/p>\n\t\t\t\t\n\t\t\t<\/div>\n\t\t\t\n\t\t<\/div>\n\t\t\t\t\t\t<\/div>\n\t\t\t\t<\/div>\n\t\t\t\t<div class=\"elementor-element elementor-element-a55053c elementor-widget elementor-widget-premium-addon-fancy-text\" data-id=\"a55053c\" data-element_type=\"widget\" data-widget_type=\"premium-addon-fancy-text.default\">\n\t\t\t\t<div class=\"elementor-widget-container\">\n\t\t\t\t\t\t\t<div class=\"premium-fancy-text-wrapper typing  \" data-settings=\"{&quot;effect&quot;:&quot;typing&quot;,&quot;strings&quot;:[&quot;D\\u1ecbch V\\u1ee5 Chuy\\u00ean Nghi\\u1ec7p&quot;],&quot;typeSpeed&quot;:70,&quot;backSpeed&quot;:70,&quot;startDelay&quot;:&quot;&quot;,&quot;backDelay&quot;:0,&quot;showCursor&quot;:false,&quot;cursorChar&quot;:&quot;&quot;,&quot;loop&quot;:false,&quot;loading&quot;:&quot;&quot;}\">\r\n\t\t\t\r\n\t\t\t\t\t<span id=\"premium-fancy-text-a55053c\" class=\"premium-fancy-text\"><\/span>\r\n\t\t\t\t\t<\/div>\r\n\t\t\t\t\t\t<\/div>\n\t\t\t\t<\/div>\n\t\t\t\t<div class=\"elementor-element elementor-element-aabb1de elementor-widget elementor-widget-icon-box\" data-id=\"aabb1de\" data-element_type=\"widget\" data-widget_type=\"icon-box.default\">\n\t\t\t\t<div class=\"elementor-widget-container\">\n\t\t\t\t\t\t\t<div class=\"elementor-icon-box-wrapper\">\n\n\t\t\t\n\t\t\t\t\t\t<div class=\"elementor-icon-box-content\">\n\n\t\t\t\t\n\t\t\t\t\t\t\t\t\t<p class=\"elementor-icon-box-description\">\n\t\t\t\t\t\t\u0110\u1ed8I NG\u0168 H\u1ed6 TR\u1ee2 K\u1ef8 THU\u1eacT, L\u1eaeP \u0110\u1eb6T 24\/7<br>B\u1ea2O H\u00c0NH 10 N\u0102M\t\t\t\t\t<\/p>\n\t\t\t\t\n\t\t\t<\/div>\n\t\t\t\n\t\t<\/div>\n\t\t\t\t\t\t<\/div>\n\t\t\t\t<\/div>\n\t\t\t\t<div class=\"elementor-element elementor-element-9bc8d46 elementor-widget elementor-widget-premium-addon-fancy-text\" data-id=\"9bc8d46\" data-element_type=\"widget\" data-widget_type=\"premium-addon-fancy-text.default\">\n\t\t\t\t<div class=\"elementor-widget-container\">\n\t\t\t\t\t\t\t<div class=\"premium-fancy-text-wrapper typing  \" data-settings=\"{&quot;effect&quot;:&quot;typing&quot;,&quot;strings&quot;:[&quot;S\\u1ea3n Ph\\u1ea9m Ch\\u1ea5t L\\u01b0\\u1ee3ng&quot;],&quot;typeSpeed&quot;:70,&quot;backSpeed&quot;:70,&quot;startDelay&quot;:&quot;&quot;,&quot;backDelay&quot;:0,&quot;showCursor&quot;:false,&quot;cursorChar&quot;:&quot;&quot;,&quot;loop&quot;:false,&quot;loading&quot;:&quot;&quot;}\">\r\n\t\t\t\r\n\t\t\t\t\t<span id=\"premium-fancy-text-9bc8d46\" class=\"premium-fancy-text\"><\/span>\r\n\t\t\t\t\t<\/div>\r\n\t\t\t\t\t\t<\/div>\n\t\t\t\t<\/div>\n\t\t\t\t<div class=\"elementor-element elementor-element-304ceca elementor-widget elementor-widget-icon-box\" data-id=\"304ceca\" data-element_type=\"widget\" data-widget_type=\"icon-box.default\">\n\t\t\t\t<div class=\"elementor-widget-container\">\n\t\t\t\t\t\t\t<div class=\"elementor-icon-box-wrapper\">\n\n\t\t\t\n\t\t\t\t\t\t<div class=\"elementor-icon-box-content\">\n\n\t\t\t\t\n\t\t\t\t\t\t\t\t\t<p class=\"elementor-icon-box-description\">\n\t\t\t\t\t\tNH\u1eacP KH\u1ea8U TR\u1ef0C TI\u1ebeP T\u1eea CH\u00c2U \u00c2U<br>CAM K\u1ebeT KH\u00d4NG S\u1eec D\u1ee4NG H\u00c0NG H\u00d3A KH\u00d4NG R\u00d5 NGU\u1ed2N G\u1ed0C\t\t\t\t\t<\/p>\n\t\t\t\t\n\t\t\t<\/div>\n\t\t\t\n\t\t<\/div>\n\t\t\t\t\t\t<\/div>\n\t\t\t\t<\/div>\n\t\t\t\t<\/div>\n\t\t\t\t\t<\/div>\n\t\t\t\t<\/div>\n\t\t<div class=\"elementor-element elementor-element-92fd19c e-flex e-con-boxed e-con e-parent\" data-id=\"92fd19c\" data-element_type=\"container\" data-settings=\"{&quot;background_background&quot;:&quot;classic&quot;}\">\n\t\t\t\t\t<div class=\"e-con-inner\">\n\t\t\t\t<div class=\"elementor-element elementor-element-347baca premium-testimonial-separator-row elementor-widget elementor-widget-premium-addon-testimonials\" data-id=\"347baca\" data-element_type=\"widget\" data-widget_type=\"premium-addon-testimonials.default\">\n\t\t\t\t<div class=\"elementor-widget-container\">\n\t\t\t\t\t\r\n\t<div class=\"premium-testimonial-box\">\r\n\t\t<div class=\"premium-testimonial-container\">\r\n\t\t\t<i class=\"fa fa-quote-left premium-testimonial-upper-quote\"><\/i>\r\n\t\t\t<div class=\"premium-testimonial-content-wrapper\">\r\n\t\t\t\t\r\n\t\t\t\t<div class=\"premium-testimonial-text-wrapper\">\r\n\t\t\t\t\t<div >\r\n\t\t\t\t\t\t<p><span class=\"a_GcMg font-feature-liga-off font-feature-clig-off font-feature-calt-off text-decoration-none text-strikethrough-none\">\u201cN\u01b0\u1edbc s\u1ea1ch l\u00e0 n\u1ec1n t\u1ea3ng cho s\u1ee9c kh\u1ecfe v\u00e0 h\u1ea1nh ph\u00fac, nu\u00f4i d\u01b0\u1ee1ng cu\u1ed9c s\u1ed1ng t\u01b0\u01a1i \u0111\u1eb9p cho m\u1ecdi gia \u0111\u00ecnh.\u201d<\/span><\/p>\t\t\t\t\t<\/div>\r\n\t\t\t\t<\/div>\r\n\r\n\t\t\t\t<div class=\"premium-testimonial-author-info\">\r\n\t\t\t\t\t<h3 class=\"premium-testimonial-person-name\">\r\n\t\t\t\t\t\t<span >\r\n\t\t\t\t\t\t\t\t\t\t\t\t\t<\/span>\r\n\t\t\t\t\t<\/h3>\r\n\r\n\t\t\t\t\t<span class=\"premium-testimonial-separator\"><\/span>\r\n\r\n\t\t\t\t\t<h4 class=\"premium-testimonial-company-name\">\r\n\t\t\t\t\t\t\t\t\t\t\t<a target=\"_blank\" class=\"premium-testimonial-company-link\">\r\n\t\t\t\t\t\t\t<span >\r\n\t\t\t\t\t\t\t\t\t\t\t\t\t\t\t<\/span>\r\n\t\t\t\t\t\t<\/a>\r\n\t\t\t\t\t\t\t\t\t\t<\/h4>\r\n\t\t\t\t<\/div>\r\n\t\t\t<\/div>\r\n\t\t\t<i class=\"fa fa-quote-right premium-testimonial-lower-quote\"><\/i>\r\n\t\t<\/div>\r\n\t<\/div>\r\n\t\t\t\t\t\t<\/div>\n\t\t\t\t<\/div>\n\t\t\t\t<div class=\"elementor-element elementor-element-5aaa226 elementor-widget elementor-widget-video\" data-id=\"5aaa226\" data-element_type=\"widget\" data-settings=\"{&quot;video_type&quot;:&quot;hosted&quot;,&quot;autoplay&quot;:&quot;yes&quot;,&quot;play_on_mobile&quot;:&quot;yes&quot;,&quot;loop&quot;:&quot;yes&quot;,&quot;controls&quot;:&quot;yes&quot;}\" data-widget_type=\"video.default\">\n\t\t\t\t<div class=\"elementor-widget-container\">\n\t\t\t\t\t\t\t<div class=\"e-hosted-video elementor-wrapper elementor-open-inline\">\n\t\t\t\t\t<video class=\"elementor-video\" src=\"https:\/\/manglocsu.com\/wp-content\/uploads\/2025\/12\/MLS-truyen-cam-hung.mp4\" autoplay=\"\" loop=\"\" controls=\"\" playsinline=\"\" controlsList=\"nodownload\"><\/video>\n\t\t\t\t<\/div>\n\t\t\t\t\t\t<\/div>\n\t\t\t\t<\/div>\n\t\t\t\t<div class=\"elementor-element elementor-element-38f7907 elementor-widget elementor-widget-spacer\" data-id=\"38f7907\" data-element_type=\"widget\" data-widget_type=\"spacer.default\">\n\t\t\t\t<div class=\"elementor-widget-container\">\n\t\t\t\t\t\t\t<div class=\"elementor-spacer\">\n\t\t\t<div class=\"elementor-spacer-inner\"><\/div>\n\t\t<\/div>\n\t\t\t\t\t\t<\/div>\n\t\t\t\t<\/div>\n\t\t\t\t\t<\/div>\n\t\t\t\t<\/div>\n\t\t\t\t<\/div>\n\t\t","protected":false},"excerpt":{"rendered":"<p>M\u00c0NG L\u1eccC S\u1ee8N\u00e2ng t\u1ea7m hi\u1ec7u su\u1ea5t, t\u1ed1i \u01b0u chi ph\u00ed v\u00e0 ph\u00e1t tri\u1ec3n b\u1ec1n v\u1eefng trong x\u1eed l\u00fd n\u01b0\u1edbc nh\u1edd c\u00f4ng ngh\u1ec7 m\u00e0ng l\u1ecdc SiC ti\u00ean ti\u1ebfn.Silicon CarbideM\u00e0ng l\u1ecdc \u0111\u01b0\u1ee3c ph\u00e1t tri\u1ec3n tr\u00ean n\u1ec1n t\u1ea3ng v\u1eadt li\u1ec7u SiC v\u00e0 c\u00f3 th\u1ec3 s\u1eed d\u1ee5ng \u0111\u1ec3 l\u1ecdc nhi\u1ec1u ngu\u1ed3n n\u01b0\u1edbc \u00f4 nhi\u1ec5m kh\u00e1c nhau, \u0111\u1ea1t c\u00e1c ti\u00eau [&hellip;]<\/p>\n","protected":false},"author":1,"featured_media":0,"parent":0,"menu_order":0,"comment_status":"closed","ping_status":"closed","template":"","meta":{"footnotes":""},"class_list":["post-6","page","type-page","status-publish","hentry"],"_links":{"self":[{"href":"https:\/\/manglocsu.com\/index.php\/wp-json\/wp\/v2\/pages\/6","targetHints":{"allow":["GET"]}}],"collection":[{"href":"https:\/\/manglocsu.com\/index.php\/wp-json\/wp\/v2\/pages"}],"about":[{"href":"https:\/\/manglocsu.com\/index.php\/wp-json\/wp\/v2\/types\/page"}],"author":[{"embeddable":true,"href":"https:\/\/manglocsu.com\/index.php\/wp-json\/wp\/v2\/users\/1"}],"replies":[{"embeddable":true,"href":"https:\/\/manglocsu.com\/index.php\/wp-json\/wp\/v2\/comments?post=6"}],"version-history":[{"count":341,"href":"https:\/\/manglocsu.com\/index.php\/wp-json\/wp\/v2\/pages\/6\/revisions"}],"predecessor-version":[{"id":1436,"href":"https:\/\/manglocsu.com\/index.php\/wp-json\/wp\/v2\/pages\/6\/revisions\/1436"}],"wp:attachment":[{"href":"https:\/\/manglocsu.com\/index.php\/wp-json\/wp\/v2\/media?parent=6"}],"curies":[{"name":"wp","href":"https:\/\/api.w.org\/{rel}","templated":true}]}}